 2*m**3 + m**2 - 3*m - 1. Let z be 4 + 3*(-6 + 4). Calculate w(z).
-7
Suppose 4*q = h + 12, -5*q - 2*h + 0 = -2. Let g(s) be the second derivative of s**2 - 1/12*s**4 + 2*s - 1/2*s**3 + 1/20*s**5 + 0. Calculate g(q).
0
Let g(v) = v**3 + 3*v**2 - v - 4. Let d(w) = w**2 + 7*w + 4. Let i be d(-7). Suppose -t + 2*z - 1 = -0*t, -i*z - 19 = 5*t. Determine g(t).
-1
Let u(d) = d**2 - 4*d - 4. Let f(k) = 7*k**3 - 2*k**2 + 2*k - 1. Let v be f(1). Calculate u(v).
8
Let f(s) = 3*s + 2. Let l = -34 + 36. What is f(l)?
8
Let o(g) = 0*g - g - 1 + 4. Let x(d) = d**3 + 2*d**2 + 2. Let i be 2*1/(-2)*2. Let y be x(i). Determine o(y).
1
Let d be 4*(-3)/(-12) + 2. Let g be (-8)/((-3)/(d/2)). Let u(p) = p**2 - 4*p + 2. What is u(g)?
2
Suppose -o + 2 = -4*k - 27, 2*o + 8 = -3*k. Let z(w) = w**3 + 5*w**2 - 6*w + 2. What is z(k)?
2
Let a = -35 - -30. Let s(f) = -6*f**2 + 11 - 2 + 2*f + 5*f. Let t(c) = -7*c**2 + 8*c + 10. Let w(n) = a*t(n) + 6*s(n). What is w(3)?
1
Let o(p) = p**2 + 1. Let m(n) = 3*n**2 - 4*n + 3. Let w(r) = -m(r) + 4*o(r). Let k(s) = 5*s**2 + 20*s + 4. Let q(j) = 2*k(j) - 11*w(j). Determine q(-3).
0
Let m(p) = -2*p**2 + 3*p - 2. Let u be (-8)/20 - (-74)/10. Let h = u + -13. Let y = -3 - h. Give m(y).
-11
Let d(g) = g. Let j(z) = -4*z - 2. Let m(r) = 5*d(r) + j(r). What is m(-3)?
-5
Let o be (-8)/(4/(-4)) - 4. Let w(x) be the third derivative of 1/120*x**6 - 1/60*x**5 + 0 + 0*x - 1/24*x**o - x**2 - 7/6*x**3. What is w(0)?
-7
Let l(m) = -8*m**2 - 4*m + 0*m - 2*m - m**3 + 10. Calculate l(-7).
3
Let g(n) = -5*n**3 + 4*n**2 + 2*n + 8. Let k(i) = 14*i**3 - 12*i**2 - 5*i - 23. Let v(r) = -11*g(r) - 4*k(r). Suppose -5*y - 15 = -10*y. Determine v(y).
7
Let o(r) = 7*r**2 - 2*r**2 + 0*r**2 - r**2. Give o(1).
4
Let y(z) = 5 - 7 + 13*z**2 + 2*z + 3. Give y(-1).
12
Let n be 2/4*2*-4. Let v be n/14 + (-33)/7. Let b(o) = o**3 + 6*o**2 + 6*o + 2. What is b(v)?
-3
Let i(y) = y**2 - 8*y + 8. Let o be i(6). Let n(s) = -5*s**2 - 6*s - 4. Let g(m) = m**2. Let l(q) = o*g(q) - n(q). What is l(-5)?
-1
Let f(p) = 6*p**2 - 2*p - 5*p**2 + 6*p. Calculate f(-5).
5
Let c(q) = -q**3 - 2*q**2 + 2*q - 1. Let z be c(-3). Suppose -b - z + 6 = 0. Let l(d) = d**3 - 4*d**2 - 2. Give l(b).
-2
Suppose -1 = 2*c - 5. Suppose -c*a = 2*a. Let d(j) = -j + 6. What is d(a)?
6
Let t(b) be the second derivative of -2*b**2 - 4*b + 0 + 1/6*b**4 + 1/20*b**5 - 5/6*b**3. Determine t(-3).
2
Let w(b) = b**3 - 9*b**2 + b - 10. Let f be w(9). Let s(z) = 2*z. Calculate s(f).
-2
Let g(k) = k. Let q be 2/12 - 77/66. Give g(q).
-1
Let a(y) = -y**2 - y + 4. Let g = -3 - -4. Let z = g + 2. What is a(z)?
-8
Let j(u) be the second derivative of -u**4/12 - u**3/6 - u**2/2 + u. Suppose -2 = -0*h + 2*h. What is j(h)?
-1
Let a = 8 + -19. Let i = a + 10. Let y(r) = 0 + r**2 - 3 + 2 + r**3. What is y(i)?
-1
Let d(r) be the third derivative of r**5/60 + r**4/8 + r**3/2 + r**2. Suppose -2 = -7*a + 3*a - 2*s, -30 = 5*a - 4*s. Give d(a).
1
Let w(r) = 5*r**3 - 1. Let m be w(1). Suppose -g = 4*d - 5*d - m, 16 = 2*g - 4*d. Suppose 5*c + l - 13 + 3 = g, -10 = -5*c + 3*l. Let y(z) = -z. What is y(c)?
-2
Let a(f) = -2*f - 1. Let j(t) = -11*t - 6. Let l(u) = -34*a(u) + 6*j(u). Determine l(4).
6
Let s(y) be the second derivative of -y**3/2 + y**2/2 + 20*y. Let k be ((-1)/(-3) + -1)*6. Determine s(k).
13
Let c be -1 - 1/2*0. Let k(n) = 5*n**3 - 2*n**2 + 1. What is k(c)?
-6
Suppose 0 = -5*m + 27 + 13. Let o(u) = -u**2 + 8*u - 2. What is o(m)?
-2
Let i(b) be the first derivative of b**3/3 + 2*b**2 + 5*b + 24. Give i(-6).
17
Let y(b) be the second derivative of b**3/6 + b**2/2 + 10*b. Let r = -3 + 6. Let s be (2 - 1) + r*-2. What is y(s)?
-4
Let s(f) = -2*f**2 - 3*f + 4. Suppose 3*b + 3 = -5*q, -6*q = -2*q - 2*b + 20. Determine s(q).
-5
Suppose -3*a = -b - 2 - 0, 5*b = -5*a + 30. Let u(f) = -b - 2*f - 2*f + 3*f - 1. Determine u(0).
-5
Let a = -77 - -74. Let p(i) = -4*i - 1. Let l(g) = -5*g - 1. Let s(n) = -3*l(n) + 4*p(n). What is s(a)?
2
Suppose 0 = -5*j - t + 12 + 9, 5*t = -4*j + 21. Let p(c) be the second derivative of 0 + c + 1/12*c**j + 0*c**2 - 1/3*c**3. Determine p(3).
3
Suppose -5*w + 15 = -5*y, -3*w - 4*y = -0*y - 23. Let v(m) = -m**2 - w + 1 + 6*m + 2 + 0*m**2. Give v(4).
6
Let g(j) = -20*j**3 + 5*j**2 + 11*j - 35. Suppose -3*r = r + 68. Let q(f) = -7*f**3 + 2*f**2 + 4*f - 12. Let n(k) = r*q(k) + 6*g(k). Determine n(-4).
2
Let d(y) = -2*y**3 - 6*y**2 - 3*y - 2. Let m(g) = g**3 + g**2 + 1. Let b(n) = d(n) + 3*m(n). Suppose 3*u - 35 = -5*i - 2*u, -12 = -4*u. What is b(i)?
5
Suppose 4*a - 2*k - 2 - 8 = 0, -k + 7 = 4*a. Suppose -5*r + 0 = 4*c - 5, 0 = a*r + 6. Let y(l) = -l**2 + 6*l - 5. Calculate y(c).
0
Let k(h) = h - 1. Suppose 0 = w + 4*w. Suppose 4*p = -w*p. Let q = 1 + p. Calculate k(q).
0
Let z(g) = g**2 + 4*g - 6. Let t(d) = -4*d**2 - 13*d + 13. Let c(j) = -3*j**2 - 12*j + 14. Let o(p) = -3*c(p) + 2*t(p). Let a be o(-11). What is z(a)?
-1
Let n(t) be the second derivative of 1/360*t**6 + 0*t**2 + 1/24*t**5 + 1/2*t**3 + t + 0 - 1/3*t**4. Let h(x) be the second derivative of n(x). Determine h(-6).
-2
Let c(g) be the first derivative of g**2/2 - 8*g - 5. What is c(6)?
-2
Suppose -8 = -2*y - 0*y. Let c(i) = -i - i + i - y + 2. Give c(-8).
6
Let z(s) be the second derivative of -s**3/3 - s**2 - s. Suppose 3 = 10*q - 11*q. What is z(q)?
4
Let f(j) be the first derivative of -j**3/6 + j**2/2 + 5*j - 2. Let c(z) be the first derivative of f(z). Calculate c(-4).
5
Let k(z) = -2*z**3 + z + 3. Let x(i) = -i**3 + i + 2. Let g(l) = -2*k(l) + 3*x(l). Let u be g(1). Let w(y) = -3*y - u*y - y**2 + y - 1. Determine w(-3).
2
Let t(s) = -8*s**3 - 13*s**2 + 15*s - 13. Let c(v) = 4*v**3 + 6*v**2 - 7*v + 6. Let d(w) = 13*c(w) + 6*t(w). Calculate d(1).
3
Let o(b) = -4*b**2 + 15*b + 3. Let u(c) = 3*c**2 - 14*c - 4. Let l(k) = 4*o(k) + 5*u(k). Calculate l(-6).
16
Let d(y) = -y**3 + y**2 - y + 1. Let s(z) = -6*z**3 - 6*z**2 - 14*z + 12. Let k(p) = -5*d(p) + s(p). Give k(-10).
-3
Suppose 4*v - 3 = r, -3*r + 13 = -2. Let m(o) = 5*o + 2*o - 5 + o**3 - v*o**2 - 4*o**2 - o**2. Let x(a) = 6*a**2 + a + 1. Let q be x(-1). Give m(q).
1
Let t(h) be the second derivative of h**3/6 - h**2 + h. What is t(0)?
-2
Let j be (-3 - 5) + (-24)/(-6). Let c be (-78)/(-15) + (-1)/5. Let v(u) = 3*u + 2. Let d(r) = -7*r - 4. Let g(a) = c*v(a) + 2*d(a). Give g(j).
-2
Let v(k) = 5*k**3 - 8*k**2 - 2*k + 5. Let m be (8/(-2))/(-2) - -3. Let c(r) = 6*r**3 - 9*r**2 - 3*r + 6. Let g(q) = m*v(q) - 4*c(q). Calculate g(3).
-2
Let w(b) = 2*b + 2 + 8 + 4*b**2 + b**3 - 10. Let h = 5 - 8. Let u be ((-2)/((-2)/h))/1. Determine w(u).
3
Let q(m) = m**3 - m**2 - 3*m - 1. Suppose 12 = 2*a - 2*d, 4*a = -0*d + 5*d + 27. Give q(a).
8
Suppose -2*m + 4*a + 16 = 0, -m - 13 = 4*a + a. Let l be m/(-4) - 14/4. Let n(c) = -c - 2. Let s(j) = 5*j + 10. Let i(r) = 33*n(r) + 6*s(r). Determine i(l).
6
Let j = -30 - -18. Let a be ((-32)/j)/(4/30). Suppose 0*y = -5*y - a. Let h(c) = -c**3 - 4*c**2 + 2*c + 4. What is h(y)?
-4
Let v(j) be the first derivative of j**4/4 + 2*j**3 + j**2 - 41. Give v(-6).
-12
Let l(c) = c**2 - 8*c + 8. Let i be l(7). Let b = i + 2. Let o(y) = -3*y + 5*y**2 + 3 - b*y**2 + y**2. Calculate o(2).
9
Let k(v) = v**2 - 5*v. Let h be k(5). Let r(p) be the first derivative of -p**3/3 + 8*p + 1. Calculate r(h).
8
Let u(o) = -10*o + 8. Let c(w) = -7*w + 5. Let r(v) = 7*c(v) - 5*u(v). Determine r(5).
0
Let j(h) = h**2 - 5*h - 5. Let q(g) = g**2 - 17*g + 20. Let m be q(16). What is j(m)?
-9
Let d(p) = p**3 - 4*p**2 + p - 3. Let o be d(4). Let w(c) = 7*c**2 - 2*c + 1. What is w(o)?
6
Let k(q) = q - 4. Let o be 0 + 0 - 0/2. Let y be k(o). Let m(p) = p + 9. Let n be m(y). Let x(h) = -h**3 + 4*h**2 + 7*h - 7. Give x(n).
3
Let i(p) be the first derivative of -p**3/3 - 5*p**2/2 - p - 2. What is i(-5)?
-1
Let y(g) = g**3 + 3*g**2 - 7*g + 2. Suppose -2*d + d + 8 = 2*z, 0 = -3*d + z + 31. Let k(s) = -s + 5. Let u be k(d). Determine y(u).
-13
Let c(w) be the third derivative of -w**6/120 + w**5/12 - w**4/6 + 2*w**2. What is c(3)?
6
Suppose -2*p = 5*n - 10, -p = -4*p + 3*n + 15. Let s = -11 + 15. Let z(o) = -s*o**3 + 4 + 2*o**3 - 5*o**2 + 3*o**3 - 2*o + o. Give z(p).
-1
Let m(u) = -u + 2. Let l be m(4). Let w(p) = 0*p**2 + 3 + p**3 + 3*p + 0*p**2. Determine w(l).
-11
Let l(v) = 2*v**2 + v + 3. Let x(o